(d)?
-7
Let k be 4/(-14) - 26/7. Let p(q) = 10*q**3 - 3*q**2 + 5. Let n(m) = 5*m**3 - 2*m**2 + 3. Let u(z) = k*p(z) + 7*n(z). Give u(1).
-6
Let q(i) = -i - 2. Let a(u) = -1. Suppose 0*c - 3 = 3*c. Let g(w) = c*q(w) + 3*a(w). Determine g(0).
-1
Let z(c) = c**2 + c - 6. Let t be (0 - 0)/(9 - 10). Let u be z(t). Let o(g) = 2*g + 6. Give o(u).
-6
Let g(a) be the first derivative of -a**2/2 + 5*a + 44. Determine g(10).
-5
Let g be 3/(-5) - (-16)/10. Let z(r) = 0 - 1 - 6*r**3 + 12*r**3 - 8*r**3. Give z(g).
-3
Let k be (-7)/((-21)/9) + 0. Let h(f) be the first derivative of 0*f**2 - 2 - 3*f - 1/4*f**4 + 2/3*f**3. Determine h(k).
-12
Let p(z) = 4 - 2 + 0*z - 1 - z. What is p(-2)?
3
Let x be (-2)/(-8) + ((-25)/20 - 0). Let o(b) = 2*b**3 - 2*b**2 - b. Give o(x).
-3
Let y(z) = 0*z - 4*z**2 - z**3 + 2*z**3 + 2*z. Let u = -19 - -34. Suppose -u = -3*i - 3*w, -i = -3*w + w + 1. Give y(i).
-3
Let t be -1*3 + -8 + 5. Let d(n) = n + 11. Determine d(t).
5
Let v(w) = -2*w + 2. Let m = -8 + 16. Let u(y) = y - 1. Let f(k) = m*u(k) + 5*v(k). Let h = -9 - -11. What is f(h)?
-2
Let s(m) = -2*m + 1. Let w be 1 - 0 - (6 + 1). Let h be (6 + 3)*(-2)/w. Determine s(h).
-5
Let j = 29 + -29. Let q(y) be the first derivative of y**2/2 + 3*y + 2. Give q(j).
3
Let g(c) = c**2 - 4*c + 2. Let q be g(4). Let f(d) = 2 - 4*d**q + 2*d - 1 + 11*d**2. Suppose 2*k + 5 = -3*k. Calculate f(k).
6
Let o(i) be the third derivative of i**6/120 - i**5/20 - i**4/8 + i**3/3 - i**2. What is o(3)?
-7
Suppose -4*y - 4 + 16 = 0, -b - 5*y = -15. Let w(z) = 2*z**2 + 1 + 0 - z**2 - z + 4. Calculate w(b).
5
Let p(q) = -q**2 + 6*q - 5. Let k be 3*(-2)/(-3)*2. What is p(k)?
3
Suppose -g = -3*g - 2. Let y be 0/((6/g)/(-3)). Let x = y + 3. Let n(c) = c**2 - 2*c + 4. Determine n(x).
7
Suppose 0 = -0*l - 3*l - 3. Let c(h) = 6*h**3 - h**2 + 1. Calculate c(l).
-6
Let p(x) = 3 + x + 0*x + 5. Give p(-5).
3
Let k(h) = h**2 - 5*h + 6. Let n(u) = -u**3 + 2*u**2 + 2*u + 1. Let q be n(2). What is k(q)?
6
Let h be 95/40 + (-9)/24. Let z(q) be the second derivative of 0 + 3/2*q**h - 2*q + 1/12*q**4 + 5/6*q**3. Give z(-4).
-1
Let r(g) = -2 - 3 + 6*g + 5 - g**2. Let q = -18 - -31. Let w = q + -8. Calculate r(w).
5
Suppose 0*v - 12 = -4*v. Let o(h) be the first derivative of 4*h - 4*h**2 + v*h**2 - 3 + 2 + 0. What is o(4)?
-4
Suppose 5 - 24 = -c. Suppose -3*n + n - c = -5*k, k + 3 = -3*n. Let a = n + 1. Let v(t) = -t - 2. What is v(a)?
-1
Let n = 9 - 6. Let l = 1 - n. Let y(t) = -2 + 0*t**2 - 2*t**2 + 4*t**2. Give y(l).
6
Suppose 5*w = 2*h - 28, -3*w + 4*h = -7*w. Let g(a) = -2*a - 2 - 1 + 2. What is g(w)?
7
Let z(w) = -2*w. Suppose 2*i - 5*i = 4*j + 41, -3*i = j + 8. Let a = -7 - j. Suppose -a*x = -2*l - 6, -5*l = -3*l + 2*x - 6. What is z(l)?
-2
Let k(v) = -v**2 + 7*v - 10. Let p(h) = -h**2 + 7*h - 9. Let z(a) = 4*k(a) - 5*p(a). Give z(6).
-1
Let u(q) = q**2 + 2*q - 7. Let h = -34 - -29. Determine u(h).
8
Let o(f) be the second derivative of -f**5/20 + f**4/3 + 2*f**3/3 + 5*f**2/2 + 6*f. Let a(t) = t**2 + 5*t - 1. Let j be a(-6). Determine o(j).
0
Suppose 0 = -5*v + 2*c - 42, -15 = 4*v - 5*c + 5. Let h = v - -16. Let r(z) = -z**3 + 5*z**2 + 6*z - 8. Calculate r(h).
-8
Let o(l) be the second derivative of l**4/6 + l**3/2 + l**2 + 2*l. Let y be o(-2). Suppose 0 = y*z - 6 + 2. Let q(v) = -7*v. Determine q(z).
-7
Let p(z) = 2*z - 2. Let m(c) = -c**3 + 8*c**2 + 2. Let u be m(8). Suppose 4*t - 12 = 0, -5*w + u*t = -2 - 2. What is p(w)?
2
Let m(o) = -15*o - 5. Let d(j) = -7*j - 2. Let x(l) = 5*d(l) - 2*m(l). Give x(-1).
5
Let u = -1 - 5. Let l(v) = -v**2 - 6*v - 7. What is l(u)?
-7
Let u(c) = c**3 - 6*c**2 + 4*c - 1. Suppose 3 = 3*s - 3. Suppose s*z - 10 = -2*q, -4*q + 4*z + 4 = -0*q. Suppose -5*x + q + 22 = 0. Determine u(x).
-6
Let c be 3*(5/3 + -1). Let m(p) = -p + 0 - 2*p**2 + 3 + 4*p**2 - p**c. Calculate m(0).
3
Let s(a) = -a**3 + 1. Let c = 51 - 51. Calculate s(c).
1
Let b(v) be the third derivative of -v**5/30 + v**4/24 - v**3/3 - 2*v**2. Suppose -j + 6 = 2*j, 2*j - 8 = -2*q. Calculate b(q).
-8
Let n(s) = s + 2. Let m(w) = w + 1. Let i(p) = 3*m(p) - 2*n(p). Determine i(-6).
-7
Let n(r) = -r**3 + 21*r**2 + 2*r - 36. Let f be n(21). Let h(b) = -2*b - 2. What is h(f)?
-14
Let n(d) = d**2 + 3*d + 1. Let u be n(-1). Let b(q) = q. Let j(v) = 6*v - 1. Let k(x) = u*b(x) - j(x). Determine k(1).
-6
Let c(z) = -2*z + 2. Let g(k) = k - 1. Let f(v) = 7*v - 7. Let w(m) = f(m) - 6*g(m). Let t(u) = c(u) + 3*w(u). Give t(1).
0
Let a(x) = x + 3. Let y = -79 - -75. Calculate a(y).
-1
Let k(s) = 1 + s**2 + 34*s + 5 - 41*s. Determine k(7).
6
Let l(o) = o**3 + 5*o**2 + 2*o + 5. Let k be l(-5). Let q = k + -2. Let h(w) = w**2 + 6*w - 7. Let m be h(q). Let t(p) = p**2 + p. Give t(m).
0
Suppose -5*y + 5 + 0 = 0. Suppose 3*v - 4 = -y. Let g(x) be the third derivative of x**4/6 - x**3/6 - x**2. Determine g(v).
3
Suppose -3*v = 81 - 72. Let b(f) = -f**3 - 2*f**2 + 2*f + 4. Calculate b(v).
7
Suppose -5*z + 5*d = -30, 2*d - 3*d = -3*z + 12. Let f(h) = 9*h**2 - h**2 - z*h**2 - h + 4*h**2. What is f(1)?
8
Let k(u) = u**2 - 2*u - 2. Let x be k(-2). Let j(p) = p**3 - 7*p**2 - 2 + 7 + 0*p**3 + 7*p. Calculate j(x).
11
Suppose 5*y - 20 = 9*y. Let t(d) = d + 10. Let k be t(y). Let n(p) = -p + 7. What is n(k)?
2
Let k be 0/2 + 0/(-20). Let v(c) = -c + 5. Calculate v(k).
5
Let t(s) be the third derivative of 7*s**5/60 - s**4/24 + s**3/6 - 35*s**2. Let z(a) = -a + 6. Let g be z(6). Let b be 0 + (2 + g)/2. Give t(b).
7
Let s(f) = -f**2 + 2*f - 1. Let a be ((-20)/15)/(4/6). Determine s(a).
-9
Let x(h) = -h**3 + 4*h**2 + 12*h + 3. Let t be x(6). Suppose -3*i + 5*k - 43 = 0, 2*i - k - t*k = -32. Let j(n) = -n**3 - 7*n**2 - 4*n + 7. What is j(i)?
-5
Let p(x) = -x**3 + 2*x - 1. Let j be p(-2). Suppose 6*w - 4 = 4*w. Suppose 0 = -j*z - w - 4. Let a(r) = -r**3 - r**2 + 4*r + 3. What is a(z)?
-1
Let z(m) = -2*m - m + 4*m - 4*m + 1 - m**2. Give z(-4).
-3
Let x(k) be the second derivative of -k**4/12 + k**3/2 + 2*k**2 - 5*k. What is x(4)?
0
Let z = 12 + -14. Let y(g) = -2*g**2 - 2*g. Calculate y(z).
-4
Let x be (12/36)/(2/12). Let y(o) = -o**2 + 5*o**x - o**3 - 4*o + 7 - 5. Determine y(2).
2
Let i(x) = 0*x - 5*x - 7 + 2*x + 2*x. What is i(-5)?
-2
Let n(h) = -h**3 + 4*h**2 + 9*h - 2. Let z(g) = g**3 - 4*g**2 - 10*g + 1. Let o(r) = -4*n(r) - 3*z(r). Calculate o(5).
0
Let o(n) = 5*n**3 - n**2 + n - 1. Let s be 1 - 9 - (-4 + 1). Let k = -5 - -11. Let r = k + s. Determine o(r).
4
Let d = -1 + -5. Let h(v) = -v**3 - 6*v**2 - 3. Let b be h(d). Let q(z) = 2*z**2 + 4*z + 1. What is q(b)?
7
Let g(c) be the third derivative of -c**8/6720 + c**7/2520 + c**6/144 - c**5/40 - c**4/12 - c**2. Let q(m) be the second derivative of g(m). Calculate q(3).
-6
Let m(s) = s**3 + 3*s**2 - 4*s + 4. Let v be m(-4). Suppose -v*z - 3 = -z. Let g(q) = -6*q - 1. Determine g(z).
5
Suppose 5 - 5 = -8*f. Let o(r) = -r**3 + r**2 - 14. Give o(f).
-14
Let m(p) be the third derivative of -p**5/30 + 7*p**4/24 - p**3/6 - 3*p**2. Calculate m(5).
-16
Suppose 4*c + 11 = 5*p, 5 - 25 = -5*c - 5*p. Let b = c - 0. Let f(m) = -3*m + 3*m + b - 2*m. Calculate f(3).
-5
Let b(s) = -18*s**2 + 9*s**2 + s + 2 + 7*s**2. Suppose c + 8 = -2*m, -2*m - 14 = 3*c - 5*c. Give b(c).
-4
Let u(c) = -3*c**2 - 5*c - 4. Let x(l) = -4*l**2 - 6*l - 5. Let y(n) = -5*u(n) + 4*x(n). Suppose -4*d - 2*k + 0 = -14, d = -3*k + 16. What is y(d)?
0
Let z(t) = t**2 + 7*t + 7. Let o(g) = g**2 + 8*g + 8. Let i(y) = 2*o(y) - 3*z(y). Let h(j) = -j**3 - 6*j**2 - 3*j + 5. Let n be h(-5). What is i(n)?
-5
Let b(m) = m**3 + 2*m**2 - 4*m - 12. Let o be b(-2). Let q(n) = -n**3 - 2*n**2 + 3*n - 2. Calculate q(o).
18
Let k(l) = -l**3 + 2 - 119*l + 68*l + 61*l + 6*l**2 - 1. Give k(7).
22
Let f(b) = 13*b + b**3 - 4*b**2 - 4*b - 7*b. Suppose o = -4*o + 15. Calculate f(o).
-3
Let l(m) = 4*m - 2 + 4 - 2 + 2. Let q(d) = -4*d - 1. Let v(o) = -2*l(o) - 3*q(o). Determine v(-1).
-5
Let m(h) = -2*h - 6. Let i(p) = p + 5. Let n(x) = 3*i(x) + 2*m(x). Let l = 39 + -37. What is n(l)?
1
Let k(g) be the third derivative of g**5/60 - g**4/12 + g**3/2 + g**2. Let u be k(2). Suppose x = -u*d + 2 + 2, -24 = 3*x - 3*d. Let s(i) = i. Determine s(x).
-5
Suppose 13 = 2*b + 5*k, -k = 5*b - 3*k + 11. Suppose -3*g + 6*g - 36 = 0. Let t(i) = -g*i**3 + 0*i**2 + 1 + i + 7*i**3 + i**2. Giv